[INFO] cloning repository https://github.com/vasilakisfil/mac_addresses
[INFO] running `Command { std: "git" "-c" "credential.helper=" "-c" "credential.helper=/workspace/cargo-home/bin/git-credential-null" "clone" "--bare" "https://github.com/vasilakisfil/mac_addresses" "/workspace/cache/git-repos/https%3A%2F%2Fgithub.com%2Fvasilakisfil%2Fmac_addresses", kill_on_drop: false }`
[INFO] [stderr] Cloning into bare repository '/workspace/cache/git-repos/https%3A%2F%2Fgithub.com%2Fvasilakisfil%2Fmac_addresses'...
[INFO] running `Command { std: "git" "rev-parse" "HEAD", kill_on_drop: false }`
[INFO] [stdout] dbe3a707277f9499b8877806c6417bc243ecab89
[INFO] checking vasilakisfil/mac_addresses against master#af3c6e733a40e671550e0f0f5aeecaa13772ba56 for pr-74989
[INFO] running `Command { std: "git" "clone" "/workspace/cache/git-repos/https%3A%2F%2Fgithub.com%2Fvasilakisfil%2Fmac_addresses" "/workspace/builds/worker-0/source", kill_on_drop: false }`
[INFO] [stderr] Cloning into '/workspace/builds/worker-0/source'...
[INFO] [stderr] done.
[INFO] validating manifest of git repo https://github.com/vasilakisfil/mac_addresses on toolchain af3c6e733a40e671550e0f0f5aeecaa13772ba56
[INFO] running `Command { std: "/workspace/cargo-home/bin/cargo" "+af3c6e733a40e671550e0f0f5aeecaa13772ba56" "read-manifest" "--manifest-path" "Cargo.toml", kill_on_drop: false }`
[INFO] started tweaking git repo https://github.com/vasilakisfil/mac_addresses
[INFO] finished tweaking git repo https://github.com/vasilakisfil/mac_addresses
[INFO] tweaked toml for git repo https://github.com/vasilakisfil/mac_addresses written to /workspace/builds/worker-0/source/Cargo.toml
[INFO] crate git repo https://github.com/vasilakisfil/mac_addresses already has a lockfile, it will not be regenerated
[INFO] running `Command { std: "/workspace/cargo-home/bin/cargo" "+af3c6e733a40e671550e0f0f5aeecaa13772ba56" "fetch" "--locked" "--manifest-path" "Cargo.toml", kill_on_drop: false }`
[INFO] running `Command { std: "docker" "create" "-v" "/var/lib/crater-agent-workspace/builds/worker-0/target:/opt/rustwide/target:rw,Z" "-v" "/var/lib/crater-agent-workspace/builds/worker-0/source:/opt/rustwide/workdir:ro,Z" "-v" "/var/lib/crater-agent-workspace/cargo-home:/opt/rustwide/cargo-home:ro,Z" "-v" "/var/lib/crater-agent-workspace/rustup-home:/opt/rustwide/rustup-home:ro,Z" "-e" "SOURCE_DIR=/opt/rustwide/workdir" "-e" "CARGO_TARGET_DIR=/opt/rustwide/target" "-e" "CARGO_HOME=/opt/rustwide/cargo-home" "-e" "RUSTUP_HOME=/opt/rustwide/rustup-home" "-w" "/opt/rustwide/workdir" "-m" "1610612736" "--user" "0:0" "--network" "none" "rustops/crates-build-env@sha256:d92eaeed33fa75130ca1ee6c8a01d1ffb62bac859dfdfb3450e3e5d1c0146529" "/opt/rustwide/cargo-home/bin/cargo" "+af3c6e733a40e671550e0f0f5aeecaa13772ba56" "metadata" "--no-deps" "--format-version=1", kill_on_drop: false }`
[INFO] [stderr] WARNING: Your kernel does not support swap limit capabilities or the cgroup is not mounted. Memory limited without swap.
[INFO] [stdout] dbf2a9c2647da9906fb8fee64f62d14d859b592ce203dd2091490a283626e29c
[INFO] running `Command { std: "docker" "start" "-a" "dbf2a9c2647da9906fb8fee64f62d14d859b592ce203dd2091490a283626e29c", kill_on_drop: false }`
[INFO] running `Command { std: "docker" "inspect" "dbf2a9c2647da9906fb8fee64f62d14d859b592ce203dd2091490a283626e29c", kill_on_drop: false }`
[INFO] running `Command { std: "docker" "rm" "-f" "dbf2a9c2647da9906fb8fee64f62d14d859b592ce203dd2091490a283626e29c", kill_on_drop: false }`
[INFO] [stdout] dbf2a9c2647da9906fb8fee64f62d14d859b592ce203dd2091490a283626e29c
[INFO] running `Command { std: "docker" "create" "-v" "/var/lib/crater-agent-workspace/builds/worker-0/target:/opt/rustwide/target:rw,Z" "-v" "/var/lib/crater-agent-workspace/builds/worker-0/source:/opt/rustwide/workdir:ro,Z" "-v" "/var/lib/crater-agent-workspace/cargo-home:/opt/rustwide/cargo-home:ro,Z" "-v" "/var/lib/crater-agent-workspace/rustup-home:/opt/rustwide/rustup-home:ro,Z" "-e" "SOURCE_DIR=/opt/rustwide/workdir" "-e" "CARGO_TARGET_DIR=/opt/rustwide/target" "-e" "CARGO_INCREMENTAL=0" "-e" "RUST_BACKTRACE=full" "-e" "RUSTFLAGS=--cap-lints=forbid" "-e" "CARGO_HOME=/opt/rustwide/cargo-home" "-e" "RUSTUP_HOME=/opt/rustwide/rustup-home" "-w" "/opt/rustwide/workdir" "-m" "1610612736" "--user" "0:0" "--network" "none" "rustops/crates-build-env@sha256:d92eaeed33fa75130ca1ee6c8a01d1ffb62bac859dfdfb3450e3e5d1c0146529" "/opt/rustwide/cargo-home/bin/cargo" "+af3c6e733a40e671550e0f0f5aeecaa13772ba56" "check" "--frozen" "--all" "--all-targets" "--message-format=json", kill_on_drop: false }`
[INFO] [stdout] 171224d1133a435779e9e0c3811c4c5bac24437715d5d1e02c15bcd0ca7ee97a
[INFO] [stderr] WARNING: Your kernel does not support swap limit capabilities or the cgroup is not mounted. Memory limited without swap.
[INFO] running `Command { std: "docker" "start" "-a" "171224d1133a435779e9e0c3811c4c5bac24437715d5d1e02c15bcd0ca7ee97a", kill_on_drop: false }`
[INFO] [stderr]    Compiling libc v0.2.62
[INFO] [stderr]    Compiling log v0.4.8
[INFO] [stderr]    Compiling rustc-serialize v0.3.24
[INFO] [stderr]    Compiling memchr v2.2.1
[INFO] [stderr]    Compiling unicode-xid v0.0.3
[INFO] [stderr]    Compiling term v0.4.6
[INFO] [stderr]    Compiling bitflags v0.5.0
[INFO] [stderr]    Compiling regex v1.0.6
[INFO] [stderr]    Compiling utf8-ranges v1.0.4
[INFO] [stderr]    Compiling regex-syntax v0.6.12
[INFO] [stderr]     Checking pnet_base v0.22.0 (https://github.com/libpnet/libpnet#f34f2b04)
[INFO] [stderr]    Compiling glob v0.2.11
[INFO] [stderr]    Compiling pnet v0.22.0 (https://github.com/libpnet/libpnet#f34f2b04)
[INFO] [stderr]     Checking cfg-if v0.1.9
[INFO] [stderr]     Checking ipnet v2.0.0
[INFO] [stderr]    Compiling thread_local v0.3.6
[INFO] [stderr]     Checking pnet_macros_support v0.22.0 (https://github.com/libpnet/libpnet#f34f2b04)
[INFO] [stderr]     Checking ipnetwork v0.14.0
[INFO] [stderr]    Compiling log v0.3.9
[INFO] [stderr]    Compiling aho-corasick v0.6.10
[INFO] [stderr]     Checking pnet_sys v0.22.0 (https://github.com/libpnet/libpnet#f34f2b04)
[INFO] [stderr]     Checking socket2 v0.3.11
[INFO] [stderr]     Checking pnet_datalink v0.22.0 (https://github.com/libpnet/libpnet#f34f2b04)
[INFO] [stderr]     Checking dns-lookup v1.0.1
[INFO] [stderr]    Compiling syntex_pos v0.42.0
[INFO] [stderr]    Compiling syntex_errors v0.42.0
[INFO] [stderr]    Compiling syntex_syntax v0.42.0
[INFO] [stderr]    Compiling syntex v0.42.2
[INFO] [stderr]    Compiling pnet_macros v0.22.0 (https://github.com/libpnet/libpnet#f34f2b04)
[INFO] [stderr]    Compiling pnet_packet v0.22.0 (https://github.com/libpnet/libpnet#f34f2b04)
[INFO] [stderr]     Checking pnet_transport v0.22.0 (https://github.com/libpnet/libpnet#f34f2b04)
[INFO] [stderr]     Checking mac_addresses v0.1.0 (/opt/rustwide/workdir)
[INFO] [stdout] error[E0433]: failed to resolve: use of undeclared type or module `Util`
[INFO] [stdout]   --> src/interface_scanner.rs:92:38
[INFO] [stdout]    |
[INFO] [stdout] 92 |                     Some(ref pkg) if Util::arp_destined_for_interface(pkg, &self.interface) => {
[INFO] [stdout]    |                                      ^^^^ use of undeclared type or module `Util`
[INFO] [stdout] 
[INFO] [stdout] 
[INFO] [stdout] error[E0412]: cannot find type `ArpPacket` in this scope
[INFO] [stdout]   --> src/interface_scanner.rs:21:41
[INFO] [stdout]    |
[INFO] [stdout] 21 |     fn arp_destined_for_interface(arp: &ArpPacket, interface: &NetworkInterface) -> bool {
[INFO] [stdout]    |                                         ^^^^^^^^^ not found in this scope
[INFO] [stdout]    |
[INFO] [stdout] help: consider importing one of these items
[INFO] [stdout]    |
[INFO] [stdout] 21 |     use crate::interface_scanner::ArpPacket;
[INFO] [stdout]    |
[INFO] [stdout] 21 |     use pnet::packet::arp::ArpPacket;
[INFO] [stdout]    |
[INFO] [stdout] 
[INFO] [stdout] 
[INFO] [stdout] error[E0412]: cannot find type `NetworkInterface` in this scope
[INFO] [stdout]   --> src/interface_scanner.rs:21:64
[INFO] [stdout]    |
[INFO] [stdout] 21 |     fn arp_destined_for_interface(arp: &ArpPacket, interface: &NetworkInterface) -> bool {
[INFO] [stdout]    |                                                                ^^^^^^^^^^^^^^^^ not found in this scope
[INFO] [stdout]    |
[INFO] [stdout] help: consider importing one of these items
[INFO] [stdout]    |
[INFO] [stdout] 21 |     use crate::interface_scanner::NetworkInterface;
[INFO] [stdout]    |
[INFO] [stdout] 21 |     use pnet::datalink::NetworkInterface;
[INFO] [stdout]    |
[INFO] [stdout] 
[INFO] [stdout] 
[INFO] [stdout] error[E0433]: failed to resolve: use of undeclared type or module `Util`
[INFO] [stdout]   --> src/interface_scanner.rs:92:38
[INFO] [stdout]    |
[INFO] [stdout] 92 |                     Some(ref pkg) if Util::arp_destined_for_interface(pkg, &self.interface) => {
[INFO] [stdout]    |                                      ^^^^ use of undeclared type or module `Util`
[INFO] [stdout] 
[INFO] [stdout] 
[INFO] [stdout] error[E0412]: cannot find type `ArpPacket` in this scope
[INFO] [stdout]   --> src/interface_scanner.rs:21:41
[INFO] [stdout]    |
[INFO] [stdout] 21 |     fn arp_destined_for_interface(arp: &ArpPacket, interface: &NetworkInterface) -> bool {
[INFO] [stdout]    |                                         ^^^^^^^^^ not found in this scope
[INFO] [stdout]    |
[INFO] [stdout] help: consider importing one of these items
[INFO] [stdout]    |
[INFO] [stdout] 21 |     use crate::interface_scanner::ArpPacket;
[INFO] [stdout]    |
[INFO] [stdout] 21 |     use pnet::packet::arp::ArpPacket;
[INFO] [stdout]    |
[INFO] [stdout] 
[INFO] [stdout] 
[INFO] [stdout] error[E0412]: cannot find type `NetworkInterface` in this scope
[INFO] [stdout]   --> src/interface_scanner.rs:21:64
[INFO] [stdout]    |
[INFO] [stdout] 21 |     fn arp_destined_for_interface(arp: &ArpPacket, interface: &NetworkInterface) -> bool {
[INFO] [stdout]    |                                                                ^^^^^^^^^^^^^^^^ not found in this scope
[INFO] [stdout]    |
[INFO] [stdout] help: consider importing one of these items
[INFO] [stdout]    |
[INFO] [stdout] 21 |     use crate::interface_scanner::NetworkInterface;
[INFO] [stdout]    |
[INFO] [stdout] 21 |     use pnet::datalink::NetworkInterface;
[INFO] [stdout]    |
[INFO] [stdout] 
[INFO] [stdout] 
[INFO] [stdout] error: aborting due to 3 previous errors
[INFO] [stdout] 
[INFO] [stdout] 
[INFO] [stdout] Some errors have detailed explanations: E0412, E0433.
[INFO] [stdout] 
[INFO] [stdout] For more information about an error, try `rustc --explain E0412`.
[INFO] [stdout] 
[INFO] [stderr] error: could not compile `mac_addresses`.
[INFO] [stderr] 
[INFO] [stderr] To learn more, run the command again with --verbose.
[INFO] [stderr] warning: build failed, waiting for other jobs to finish...
[INFO] [stdout] error: aborting due to 3 previous errors
[INFO] [stdout] 
[INFO] [stdout] 
[INFO] [stdout] Some errors have detailed explanations: E0412, E0433.
[INFO] [stdout] 
[INFO] [stdout] For more information about an error, try `rustc --explain E0412`.
[INFO] [stdout] 
[INFO] [stderr] error: build failed
[INFO] running `Command { std: "docker" "inspect" "171224d1133a435779e9e0c3811c4c5bac24437715d5d1e02c15bcd0ca7ee97a", kill_on_drop: false }`
[INFO] running `Command { std: "docker" "rm" "-f" "171224d1133a435779e9e0c3811c4c5bac24437715d5d1e02c15bcd0ca7ee97a", kill_on_drop: false }`
[INFO] [stdout] 171224d1133a435779e9e0c3811c4c5bac24437715d5d1e02c15bcd0ca7ee97a
